hat is 117 + -923350?
-923233
In base 3, what is -1200020111022 - -221?
-1200020110101
In base 14, what is -27c + -19db?
-1c79
In base 11, what is -51 + 17258a5?
1725854
In base 12, what is 598b72 + -a?
598b64
In base 11, what is -27 + -52679?
-526a5
In base 12, what is 1a88801 - -12?
1a88813
In base 3, what is -120100020212 + -1110?
-120100022022
In base 8, what is -157027 - 4252?
-163301
In base 11, what is -5 + -20340a6?
-2034100
In base 8, what is 144056 - -2773?
147051
In base 11, what is 3884 - 895?
2a9a
In base 3, what is -21210021111 + 20022?
-21210001012
In base 15, what is -6dd - -1389?
b9b
In base 13, what is -13 - 713352?
-713365
In base 11, what is -760 + -1271?
-1a21
In base 4, what is 1022100 + -10031?
1012003
In base 16, what is 469b03 - -7?
469b0a
In base 9, what is -35102600 + 18?
-35102571
In base 7, what is 5304005462 - 1?
5304005461
In base 12, what is 12827bb0 + -4?
12827ba8
In base 11, what is -6 + -88840?
-88846
In base 6, what is 210234113 - 32?
210234041
In base 10, what is -10404518 + -8?
-10404526
In base 6, what is 2421144112 + -1?
2421144111
In base 3, what is 1020020021110 + 121?
1020020022001
In base 11, what is 1188 - -172487?
173664
In base 15, what is -366 + 557a6?
55440
In base 8, what is -4 + -147433223?
-147433227
In base 14, what is 3022 - -435c?
7380
In base 11, what is a + 56087?
56096
In base 8, what is -74 - 101031276?
-101031372
In base 4, what is -213 - -20233121?
20232302
In base 9, what is -344721862 + 2?
-344721860
In base 5, what is 111 - -30141103?
30141214
In base 12, what is -51b75 + -14a?
-52103
In base 8, what is 5 + -106217206?
-106217201
In base 12, what is -a + 2b2bb9b4?
2b2bb9a6
In base 2, what is -101111110101 + -111000?
-110000101101
In base 14, what is 103c71 - 4dd?
103772
In base 12, what is -426 - 661289?
-6616b3
In base 11, what is -187 + -7a2735?
-7a2911
In base 14, what is -17c5db - -2?
-17c5d9
In base 3, what is -1102210020200 + 2?
-1102210020121
In base 6, what is -13415000 - -201?
-13414355
In base 9, what is 5 - 110043665?
-110043660
In base 4, what is 3223 + -2312233211?
-2312223322
In base 3, what is 102212001021100002 + 2?
102212001021100011
In base 13, what is -10b27 - 8b?
-10bb5
In base 10, what is -133784 + 207?
-133577
In base 15, what is a2b - 70386?
-6e85a
In base 15, what is 2 + -40e621a?
-40e6218
In base 13, what is 2 - 2c6c370?
-2c6c36b
In base 15, what is -2348 - -383c?
14e4
In base 10, what is -15952562 - 3?
-15952565
In base 12, what is -1 + 690404?
690403
In base 16, what is -78edf + -25?
-78f04
In base 2, what is 10 - -1000010011111101101100000100?
1000010011111101101100000110
In base 3, what is 1010221110 - -102122?
1011101002
In base 2, what is 1010 + -1100101000010000100110?
-1100101000010000011100
In base 10, what is -340362 - 13?
-340375
In base 14, what is -1a3276 + -6?
-1a327c
In base 6, what is 344055 - -251?
344350
In base 10, what is 202418 - 97?
202321
In base 5, what is 44043 + -103304?
-4211
In base 4, what is -322303 + 211102?
-111201
In base 6, what is 2 + 22215135?
22215141
In base 5, what is 31412233 + 131?
31412414
In base 4, what is 23211301102233 - -3?
23211301102302
In base 2, what is 1100 - 10101110011000110101?
-10101110011000101001
In base 6, what is -502244 + 35?
-502205
In base 4, what is -1202230 - -301103?
-301121
In base 5, what is 200402400403 - -12?
200402400420
In base 16, what is -224423 + 17?
-22440c
In base 6, what is 1 - 235451150?
-235451145
In base 8, what is 6006 + -323304?
-315276
In base 13, what is -2c995a0 + -2?
-2c995a2
In base 11, what is 9462 + aaa?
a461
In base 5, what is 1441220 - -224201?
2220421
In base 12, what is -17a + b2633?
b2475
In base 15, what is 0 - ec65?
-ec65
In base 11, what is -78 + 80965?
80898
In base 16, what is -73f - 2e1a?
-3559
In base 3, what is -100021110201101 - 22?
-100021110201200
In base 16, what is -607586 - -12?
-607574
In base 16, what is 4 - -60727a?
60727e
In base 13, what is -1ac04 + 121?
-1aab3
In base 10, what is -225 + -5024?
-5249
In base 15, what is -37ba - -3be?
-33eb
In base 16, what is 6b - -13a5b8?
13a623
In base 9, what is -1001040 - 2?
-1001042
In base 9, what is 20703166 - -3?
20703170
In base 5, what is -30110311 - -11443?
-30043313
In base 12, what is -17b2a33 + -87?
-17b2aba
In base 2, what is 111 + 11100110101101000110?
11100110101101001101
In base 15, what is 8ca02 + -2aa?
8c747
In base 8, what is -2026037 + 1244?
-2024573
In base 10, what is -33770822 + 6?
-33770816
In base 5, what is 3 + 11223223144?
11223223202
In base 11, what is 2936a1 + -3?
293699
In base 4, what is -10200 - 3201112?
-3211312
In base 13, what is 5 + 390554a?
3905552
In base 7, what is -11260 + 1264432?
1253142
In base 9, what is 44260462 + -4?
44260457
In base 14, what is -d35734 - 2a?
-d35760
In base 3, what is -2000222102120 - 2?
-2000222102122
In base 6, what is 3431110 - 52201?
3334505
In base 3, what is -1021201022222100021 - 12?
-1021201022222100110
In base 6, what is 22 - -2332402?
2332424
In base 7, what is 452234663 - -3?
452234666
In base 16, what is -7 - -109cfa4?
109cf9d
In base 15, what is 1e2b + 1dd2?
3d0d
In base 14, what is ca626 - -a?
ca632
In base 3, what is -11020 + 120002020222202?
120002020211112
In base 4, what is -2002 - 21002131?
-21010133
In base 2, what is 10100010001 - -111010010100?
1001110100101
In base 7, what is 61 + -2342520?
-2342426
In base 14, what is 2d7407a - 1?
2d74079
In base 9, what is 24 + 3530357?
3530382
In base 6, what is -300334 + -3010?
-303344
In base 9, what is -4165661 + -43?
-4165714
In base 14, what is -d448 + -11?
-d459
In base 14, what is a1c + -97?
965
In base 2, what is -1000 - -1110101001010111101000010?
1110101001010111100111010
In base 11, what is -70 + -1a5a9?
-1a669
In base 11, what is -393528 + -a2?
-39361a
In base 4, what is -10 + -133101331033?
-133101331103
In base 15, what is -5 - 498e26?
-498e2b
In base 14, what is -403 - -6bac?
67a9
In base 16, what is -2a - -23876b?
238741
In base 14, what is 7b6c + -9c?
7ab0
In base 14, what is -3 - 2a30ad?
-2a30b2
In base 16, what is -215d38 + -8b?
-215dc3
In base 5, what is -2123 - -3112442?
3110314
In base 16, what is -1bfc - 11e?
-1d1a
In base 7, what is -465 - -252423?
251625
In base 8, what is -7 + 2614156?
2614147
In base 8, what is 37 - 1232054?
-1232015
In base 2, what is 1100111000000 + -10000010100110111?
-1110101101110111
In base 13, what is -27 + -87896?
-878c0
In base 7, what is -4 + -351202?
-351206
In base 2, what is 1100 - 1101000001110101?
-1101000001101001
In base 10, what is 40984 + 44?
41028
In base 13, what is a63cb + -173?
a6258
In base 6, what is -25024 - -2151?
-22433
In base 10, what is 12766010 - -3?
12766013
In base 11, what is 114a6 - -6a5?
120a0
In base 3, what is -20 + -122102221021101?
-122102221021121
In base 11, what is 7465 + 1600?
8a65
In base 16, what is -9c390 + 6?
-9c38a
In base 3, what is -10012121020202 + -202201?
-10012122000110
In base 10, what is -69 - 2332394?
-2332463
In base 2, what is 10001 - 10011010100101010101?
-10011010100101000100
In base 12, what is 2 + 1183246?
1183248
In base 3, what is 220021110210 + -10?
220021110200
In base 10, what is 418817 - -150?
418967
In base 7, what is 216250 + -436?
215511
In base 9, what is 3 + 14373514?
14373517
In base 3, what is -2010022 + 20222202?
11212110
In base 15, what is -1de7 + 2e17?
1020
In base 9, what is 1620665602 + -1?
1620665601
In base 16, what is 1e4ff6 - -3?
1e4ff9
In base 3, what is 2112222221 + 200?
2120000121
In base 12, what is -9 + 160516?
160509
In base 9, what is -570 - 233422?
-234102
In base 14, what is 1 - -9739503?
9739504
In base 15, what is 502 - 1e?
4d3
In base 8, what is 2114 - 34260?
-32144
In base 5, what is -100311140230 - 21?
-100311140301
In base 9, what is -35024383 - 5?
-35024388
In base 16, what is 29ec38d + 3?
29ec390
In base 7, what is -512313635 - 5?
-512313643
In base 10, what is 5 + -67881613?
-67881608
In base 13, what is -cbc - -1091?
a2
In base 9, what is 5 - 21222331?
-21222325
In base 13, what is -108 + 4c145?
4c03a
In base 11, what is -816a75 - -65?
-816a10
In base 7, what is 162446421 - 3?
162446415
In base 9, what is 43 + -1558757?
-1558714
In base 8, what is -2541462 + -143?
-2541625
In base 13, what is 1b9 - 76986?
-7679a
In base 5, what is -3